+ 43. Let p = -30 + 33. What are the prime factors of d(p)?
5, 59
Suppose 3*d - 4237 = 2*u, -12*d - 4*u = -8*d - 5616. What are the prime factors of d?
1409
List the prime factors of 9 + -3 + (-5 + -25)*-8.
2, 3, 41
Let k(w) = -121*w + 3. List the prime factors of k(-1).
2, 31
Let y(t) = t**2 - 6*t - 7. Let o = 2 - -5. Let u be y(o). Suppose u*z - 3*z + 18 = 0. List the prime factors of z.
2, 3
Let z = 8 - 5. Suppose -p - 4*p + z*q = -35, 5*p - 5 = -3*q. List the prime factors of 12*p*4/48.
2
Let r(w) = -w**2 + 9*w - 6. Let f be r(9). Let b(h) = -h**3 - 6*h**2 + h + 11. Let g be b(f). Suppose 127 = g*q - 13. What are the prime factors of q?
2, 7
Let r = 156 - -1228. List the prime factors of r.
2, 173
Suppose -d = q + 3*q + 16, 0 = -5*d + 4*q + 40. Let t = 7 - d. What are the prime factors of 29 + t + (-1 - 1)?
2, 3, 5
Let v be (54 - 3)*(-5)/(-15). Suppose -5*k = -117 + v. What are the prime factors of k?
2, 5
Suppose u - 13 = -6. Suppose u*l + 22 = 9*l. Suppose -l*k + 10*k + 56 = 0. List the prime factors of k.
2, 7
Let w = 593 - -1225. List the prime factors of w.
2, 3, 101
What are the prime factors of (-35)/(-28) + 3087/4?
773
List the prime factors of 375000/156 - 14/(-91).
2, 601
Let h = -133 - -341. Suppose p - 3*p - h = -4*y, -3*y + 143 = 5*p. What are the prime factors of y?
3, 17
Let t(i) = 11*i - 7*i - 5*i + 8. Let k be t(8). Suppose -3*o + 6 = -k. List the prime factors of o.
2
Suppose -4*i = -6*i + 44. Let g = i - 22. Suppose 0*u + 3*u - 2*z - 80 = g, -108 = -4*u + 2*z. What are the prime factors of u?
2, 7
Let g(c) = 3*c**2 + 27*c - 13. List the prime factors of g(9).
11, 43
Let k be 74/26 - 12/(-78). Let g(q) = -q - 3*q**3 - q**2 + 46 - q**k + 2*q + 3*q**3. What are the prime factors of g(0)?
2, 23
Suppose -13*u = -8*u - 15. Suppose 5*s - 277 = -u*p + 246, 4*s + p - 417 = 0. List the prime factors of s.
2, 13
Suppose 12*h - 11*h = 1. Let d(s) = 22*s**2 - s + 1. Let x be d(h). Let w = x - 1. List the prime factors of w.
3, 7
Suppose -5*h + 5 = 0, 5*d - 2*d = -3*h + 3081. What are the prime factors of d?
2, 3, 19
Let o = 194 + -67. Let z = 26 - o. Let v = 143 + z. What are the prime factors of v?
2, 3, 7
Let q(u) = 2*u**2 - 14*u + 6. Suppose 44 = 5*a - 1. Let k be q(a). Let h = k - 24. What are the prime factors of h?
2, 3
Suppose t + 7*t = 24. Suppose 3*x + t*l - 396 = 0, x + l = 5*l + 142. What are the prime factors of x?
2, 67
Suppose -6*y = 118 - 958. Let d = 288 - y. List the prime factors of d.
2, 37
Let t = -1587 + 2720. List the prime factors of t.
11, 103
Let n(w) = -2*w**2 + 12*w + 47. Let x be n(20). Let g = 739 + x. What are the prime factors of g?
2, 113
Let i = 16 - 20. Let w = i + 64. List the prime factors of w.
2, 3, 5
Suppose 2*h + 119 = 19*h. Suppose -4*b = -h*b + 432. What are the prime factors of b?
2, 3
Suppose -3561 + 1295 = -5*o + 4*b, 3*o = -2*b + 1342. What are the prime factors of o?
2, 3, 5
Let c = -10 + 5. Let m(h) = 4*h**2 + 11*h + 11. List the prime factors of m(c).
2, 7
Suppose p + 0*o - 45 = -5*o, 0 = -p + 3*o + 61. Let v = p + -29. Suppose -y + v = 5*l, 3*y + l - 18 = 32. List the prime factors of y.
2
Suppose -37 + 3 = -2*y. Suppose y*k + 645 = 22*k. List the prime factors of k.
3, 43
Let v(a) = 0 + 14*a - 7 - 8 + 1. List the prime factors of v(5).
2, 7
Let t(m) = -m**3 - 14*m**2 - 37*m - 59. List the prime factors of t(-17).
3, 479
Let r = 15 + -20. Let o(a) = -a**3 - a**2 + a + 1. Let z be o(r). Suppose -4*b - 28 + z = -3*i, 0 = b - 2*i - 12. List the prime factors of b.
2, 5
List the prime factors of 156600/105 + (-12)/(-21).
2, 373
Suppose -10 = -5*i - 0*i. Suppose 55 + 81 = i*f. What are the prime factors of f?
2, 17
Let t(u) = 8*u. Let n be t(6). Let o be (n/10)/(3/(-15)). Let x = o - -42. What are the prime factors of x?
2, 3
Let q be (-168)/24*-53*(-3 + 2). Let v = 542 + q. What are the prime factors of v?
3, 19
Let x(j) = j**2 + 6*j + 7. Let n be x(-4). Let p(t) be the third derivative of -t**6/8 - t**5/60 - t**2. List the prime factors of p(n).
2, 7
Let f(l) = 21*l**2 + 5*l + 49. What are the prime factors of f(-8)?
3, 11, 41
Let d(v) = -v**3 + 4*v**2 - 2*v - 2. Let n be d(5). Let u = 72 + n. Let a = u + -5. List the prime factors of a.
2, 3, 5
Let u = 37 - 32. Let v(n) = 9*n - 3. List the prime factors of v(u).
2, 3, 7
Suppose -4*c + 17 - 21 = -3*m, -4 = 3*m - 2*c. What are the prime factors of (m/1)/((-72)/1026)?
3, 19
Let y(u) = 5*u**3 + 5*u**2 - u + 4. Let o be y(-4). Let r be 4/(-18) + o/(-72). What are the prime factors of (-5)/((-15)/36) - r?
3
Let u(w) = 6*w**2 + 4*w - 10. Let g be u(-5). Let n(y) = y**3 + 4*y**2 - 2*y - 6. Let m be n(-4). Suppose -k + g = m*k. What are the prime factors of k?
2, 5
Suppose 3*r - 110 = -71. Suppose -q + 4*w = 24, 2*q + 3 = -2*w + 5. Let k = q + r. What are the prime factors of k?
3
Suppose 4*j + 4*r = 3*j - 9, -3 = j + 2*r. Suppose -4*h = j*m + 2*m + 10, m = -2. Suppose h = -2*z + z + 51. What are the prime factors of z?
3, 17
Suppose -173 + 48 = -n - 3*j, 4*n - 500 = -3*j. List the prime factors of n.
5
Let r be 1298/(-33)*(-6)/(-4). Let s = r - -98. Suppose 4*y - s = 45. What are the prime factors of y?
3, 7
Suppose -2*s - 23185 = -5*t, 0*t + 4637 = t - 4*s. List the prime factors of t.
4637
Let a = -913 + 1559. Suppose -a = -5*o + 579. List the prime factors of o.
5, 7
List the prime factors of 4 - (-615 - 3) - 1.
3, 23
Let y be (-12)/48 + 1/4. Suppose y = 2*k + 9*k - 1276. List the prime factors of k.
2, 29
Let c(z) = -z**3 + 3*z**2 + 3*z + 4. Let r be c(4). Let i = 62 - r. Let b = i + -37. What are the prime factors of b?
5
Let z be 6 + -2 + (-5 - -4) + -1. Suppose 2*c - z*h - 308 = -0*c, 2*h - 763 = -5*c. What are the prime factors of c?
3, 17
Let j(q) = -5*q - 24. Let c be j(-6). Let d(l) = 10*l - 12. What are the prime factors of d(c)?
2, 3
Let x(u) = 10*u**2 + 1. Let c be x(-6). Suppose 8*t - 623 = c. List the prime factors of t.
3, 41
Let d(j) = j**3 - 4*j**2 - 8*j + 4. Let t = 8 - 9. Let c = t + 7. What are the prime factors of d(c)?
2, 7
Suppose -4 = -l + 4*x + 7, -3*l - 37 = 2*x. Let m be 90/l - (-3 + -1). Let g(n) = -n**3 - 5*n**2 - 4*n - 6. List the prime factors of g(m).
2, 3
Let f = -25 + 45. Suppose -3*j - j + 56 = 4*t, -5*j - f = 0. List the prime factors of t.
2, 3
Let b = -23 + 29. Suppose 2*f + 3*s - b = 0, -3*f - s - 8 = -4*f. Suppose 2*o + 184 = f*o. List the prime factors of o.
2, 23
Suppose 4*x - 61 = n + 94, 2*x - 3*n - 65 = 0. What are the prime factors of (x/60)/((-1)/(-24))?
2
Suppose 0*a - 2*a + 4*d = -1760, 3*a = d + 2615. What are the prime factors of a?
2, 3, 5, 29
Suppose 5*z + 60 = 3*h, -3*z + 8*z - h + 70 = 0. Let a = -7 - z. Suppose -5*u = -88 + a. What are the prime factors of u?
2
Let y(b) = -4*b + 10*b + 42 - 7*b - b**2 + b**3. List the prime factors of y(0).
2, 3, 7
Suppose 11*i - 1448 - 1852 = 0. What are the prime factors of i?
2, 3, 5
Suppose 18898 = -9*s + 59263. What are the prime factors of ((-2)/2)/((-23)/s)?
3, 5, 13
What are the prime factors of 1/(4 + 1506/(-378))?
3, 7
Suppose 0 = 5*s - 5*r + 40, -s + 4*r = r + 10. Let w(k) = -k**2 + 4*k + 5. Let u be w(s). Let g = -43 - u. List the prime factors of g.
29
Let i(k) = -k**3 + 36*k**2 + 54*k - 147. What are the prime factors of i(35)?
2, 7, 53
Suppose -4*y + 2*k + 144 = 0, -3*k + 118 = 3*y - 2*k. List the prime factors of y.
2, 19
Suppose -10255 - 6365 = -12*x. List the prime factors of x.
5, 277
Suppose 5*v - 3*v = 2*c + 12, 2*c - 2 = -5*v. Let d be 1/(1 - (v - 0)). What are the prime factors of (0 - 2 - -28) + d?
5
Suppose 3*g - s - 6221 = -g, 5*s + 5 = 0. List the prime factors of g.
5, 311
Suppose -11*w + 1928 = -3*w. Let g = w - 168. What are the prime factors of g?
73
Let b = -755 - -1209. What are the prime factors of b?
2, 227
Suppose a = 3*a - 414. Suppose 5*s = y + a + 135, 4*y = -2*s + 150. What are the prime factors of s?
3, 23
Let o(h) = -215*h + 838. List the prime factors of o(-6).
2, 7, 19
Let h(c) = -9*c**2. Let j be h(-1). Suppose -10*v + 14*v - 56 = 0. Let r = v + j. List the prime factors of r.
5
Suppose -18*n + 72*n = 107406. List the prime factors of n.
3, 13, 17
Suppose -n = i - 588, -3839 + 905 = -5*n - 3*i. What are the prime factors of n?
3, 5, 13
Let f = 82 - 17. Suppose 4*p - f = 3*p. What are the prime factors of 